f + 3*f - 36 = 0. List the prime factors of f.
2, 3
Suppose -17*h + 19*h - 4 = 0. Suppose -r - 90 = -v, h*v - 133 - 43 = 3*r. List the prime factors of v.
2, 47
Suppose 4*q - 3*q - u = 9, 48 = 3*q + 4*u. Let h = q + 37. List the prime factors of h.
7
Let g be 30/10 + -1 + 1. Suppose g = 3*w - 12. List the prime factors of 10 - w/(15/9).
7
Let k = 1155 + -514. What are the prime factors of k?
641
Suppose 3*v - v = -5*p + 9, -4*v + 23 = 5*p. Let s = -5 + v. Suppose -5*j = -s*j - 45. What are the prime factors of j?
3, 5
Suppose -4*h = 30 - 134. Suppose -4*i - 2*v + h + 58 = 0, -4*i - 3*v + 82 = 0. What are the prime factors of i?
2, 11
Suppose -107 = -3*c + 7*g - 9*g, 0 = -2*c + g + 62. Let o = c + 91. List the prime factors of o.
2, 31
Suppose 2*l + 0*l - 5*s = 5, -4*l + 23 = 3*s. Suppose -l*m = -2*a - 6, 13 = -5*a - 2. Suppose m = -b + 22 + 6. List the prime factors of b.
2, 7
Let z(a) be the third derivative of 7*a**4/24 - 13*a**3/6 - 9*a**2. List the prime factors of z(5).
2, 11
Let q(g) = -2*g**3 - 2*g**2 + g + 890. What are the prime factors of q(0)?
2, 5, 89
Let p be 35/5*-1 - -3. Let w(j) be the second derivative of j**4/12 - j**3/3 + 3*j**2 - j. What are the prime factors of w(p)?
2, 3, 5
Suppose -4*o - 2*j - 2 = -0*o, 5*o = -5*j - 15. What are the prime factors of (-1 + o - 0)*213?
3, 71
Let g(z) = 30*z**2 - 7*z. Suppose 113*a = 111*a - 4. List the prime factors of g(a).
2, 67
Let c(v) = -v**3 - 10*v**2 - 9*v - 8. Let d be c(-9). Let u(n) = 2*n. Let p be u(d). Let t(g) = -g**2 - 17*g - 7. List the prime factors of t(p).
3
Let m(t) = -40*t - 10. Let p be m(-5). Suppose 2*o = -3*f + p, 4*o - 314 = -7*f + 2*f. List the prime factors of f.
2, 3, 11
Suppose 0 = -4*c - 3*b - 4, -6 = 5*c + 4*b. Suppose -2*l - 4 = c*l. What are the prime factors of l + -2 + 7 - -34?
2, 19
What are the prime factors of 1*2*(227 - 26)?
2, 3, 67
Let m = -664 + 1430. List the prime factors of m.
2, 383
Suppose 6 = -67*w + 70*w. Suppose 3*a = -2*a + 5. Suppose 9 = w*f + a. What are the prime factors of f?
2
Suppose -v + 422 - 109 = 0. Suppose s - 5*d = 108, 3*s - 4*d - v = -0*d. List the prime factors of s/4 + (-2)/(-8).
2, 13
Let k(i) = -3*i**3 - i**2 + 3*i - 1. Let h be k(3). Let n = 138 + h. What are the prime factors of n?
2, 7
Suppose -5*h = -h - 16. Let f(k) = 1 + 0*k - k + 0 + h*k**2 - k. List the prime factors of f(-2).
3, 7
Let g(l) = 687*l + 256. List the prime factors of g(4).
2, 751
Let r(c) = -c**3 + c**2 - c - 1. Let g be r(0). Let q be -1*(-3 - (g + 1)). Suppose 5*k + 5*n = 55, 0 = k - 4*k + q*n + 57. What are the prime factors of k?
3, 5
Suppose -8*s = -4*s - 2120. List the prime factors of s.
2, 5, 53
Let h = -330 - -534. List the prime factors of h.
2, 3, 17
Suppose -5*l - 19 = -m, -l = 5*m - 2*m - 9. Let c = 6 - 2. List the prime factors of (-2 - c)/(l/4).
2
Suppose -9 = -2*q - q. Suppose -q*z = z - 16. What are the prime factors of 3*z/3 - -2?
2, 3
Suppose -3*w + 627 + 15 = 0. What are the prime factors of w?
2, 107
Let b be (-4)/(-3)*(-5 + 2). Let w be (24/(-10))/(b/50). Suppose 109 = 3*u - 2*c - w, -4*c = -u + 53. List the prime factors of u.
3, 5
Let l = 385 - -294. What are the prime factors of l?
7, 97
Suppose 0 = 2*j + 2*j - g - 29, -2*j - 2*g + 22 = 0. Suppose j*n = 75 + 93. What are the prime factors of n?
3, 7
Suppose 0*g + 64 = 4*g + 4*l, -68 = -4*g - 5*l. Let h(s) = -s**3 + 14*s**2 - 22*s + 16. List the prime factors of h(g).
2, 5
Let o be 326/10 + 22/55. Suppose -15*w = -14*w - o. What are the prime factors of w?
3, 11
Let b(s) = -18*s**3 - 12*s**2 - 7*s + 12. What are the prime factors of b(-4)?
2, 5
Let b(r) = 24*r - 13. Suppose d + 5*l - 9 = 0, -4*d - 6 = -4*l - 18. List the prime factors of b(d).
83
Suppose 4*i + u = 6770, -15 = 2*u - 11. List the prime factors of i.
1693
Suppose 2 = -4*r + 10. Let q(f) = -2*f**2 - 2*f + 9. Let t(g) = g**2 + g - 4. Let d(y) = r*q(y) + 5*t(y). What are the prime factors of d(5)?
2, 7
Let w = 23 + -10. Let i = -5 + w. List the prime factors of 6*3*i/6.
2, 3
Let y = 29 + -25. Suppose -4*v = -n - 1061, 4 = -0*n - y*n. What are the prime factors of v?
5, 53
Suppose -13*h = -11*h - 10. Let n be (4 - 1)*40/24. Suppose -q - 2*q - 83 = -n*y, h*q = 4*y - 69. What are the prime factors of y?
2
Let p(k) = -6*k**3 - 7*k**2 + 5*k + 36. What are the prime factors of p(-5)?
2, 293
Suppose 7*l = 12*l + 40. Let q be -6 - l - (-34)/(-1). Let v = 17 - q. List the prime factors of v.
7
Let u = -6 - -9. Suppose 4*x - x = -4*y + 181, u*x + y = 169. List the prime factors of x.
5, 11
Let j = 16 - 81. Let z = 74 - j. List the prime factors of z.
139
Suppose 95 = 5*s - 3*g, -3*g = 5*s + g - 60. Suppose -22*w + 74 = -80. Let q = w + s. What are the prime factors of q?
23
Suppose -41*h - 32*h = -61466. What are the prime factors of h?
2, 421
Let k(i) = -50*i + 30. Suppose 0 = 9*f - 12*f - 15. What are the prime factors of k(f)?
2, 5, 7
Suppose -20*x = -16*x + 12. Let g(d) = -4*d**2 + 4 - 6*d + 2*d**2 + 0*d. What are the prime factors of g(x)?
2
What are the prime factors of 13/(78/660) + -3?
107
Suppose -y - 9 = -d, 4*y + 17 = 3*d - 12. List the prime factors of 41*(-2 + d) + 12/3.
11, 19
Suppose j - 2*w = -10, 3*j - 5 = -5*w + 20. Suppose j = -10*b - 254 + 974. What are the prime factors of b?
2, 3
Suppose 4*v = 4*a - 16, -5*v + 9 + 16 = 0. What are the prime factors of (1 - (-543)/a)*12/4?
2, 23
Suppose 0 = s + 2*f - 2815, 177*s = 179*s + 5*f - 5625. List the prime factors of s.
5, 113
Suppose -9 - 3 = 4*c, -13 = 5*p + c. Let l(h) = 2*h + 11. What are the prime factors of l(p)?
7
Suppose -40 = -5*w + 4*k, 0 = -0*w - 5*w - 4*k. Suppose r = w + 16. List the prime factors of r.
2, 5
Let j(c) = 11*c**2 - 7*c - 5. Let y(l) = -13*l**2 + 6*l + 4. Let g(w) = -6*j(w) - 5*y(w). Let u be (-18)/(-2) + 1 + 0. What are the prime factors of g(u)?
2, 3, 5
Let r(h) = 301*h + 73. What are the prime factors of r(12)?
5, 11, 67
Let q be 8/2 + (1 - 16). Let f(w) = w**2 + 6*w + 18. What are the prime factors of f(q)?
73
Let t = 6 - 5. Let b be (t/2)/((-3)/(-222)). Let a = -16 + b. What are the prime factors of a?
3, 7
Suppose 0 = -2*l + 4*d + 4 - 16, 2*l + 2*d = 6. Let k = 14 - l. List the prime factors of k.
2, 7
Suppose 0 = 3*l + 663 - 84. Let p = l - -384. List the prime factors of p.
191
Let b = -294 - -2047. List the prime factors of b.
1753
Let b = 15 + 16. Suppose 0 = r - 14 - b. List the prime factors of r.
3, 5
Suppose -24 = -3*x - 3*j, -4*x - x = -5*j - 10. What are the prime factors of -145*(-4 - (-18)/x)?
2, 29
Let a(j) = 7*j**2 + 3*j - 5. Let y be a(-4). Suppose 0 = -4*w + 169 + y. What are the prime factors of w?
2, 3, 11
Let z be 4 + -72 - (-1 - -1 - 3). Let n = z - -141. What are the prime factors of n?
2, 19
Suppose -5*f + 5*g + 8 + 17 = 0, -5*f - 2*g = -11. Suppose 3*q = -3*d + 126, 0 = f*d + q - 2*q - 134. Let v = d + -24. What are the prime factors of v?
2, 5
Suppose 2*o + 81 = -o. List the prime factors of (-1 - o)/(1/2).
2, 13
Let o be -1*(-2 - 2)*-11. Let u be (-399)/(-4) - 11/o. Suppose -2*d = -4*z - u, d - 90 = -5*z - 26. What are the prime factors of d?
2, 3
Suppose 2*r - 36 = 2*k - 6*k, -5*r = -3*k - 25. Let p be (r/6)/((-6)/(-27)). What are the prime factors of (-2)/(-12) + 197/p?
3, 11
Let w = 62 + -54. Suppose -7*z - 124 = -w*z. List the prime factors of z.
2, 31
Let z = 86 - 176. Let w be (10/3)/(12/z). Let s = w - -57. List the prime factors of s.
2
Let t(a) = 3*a - 9 - 8*a**2 - 3*a + 14 + a**3. Let r be t(8). Suppose 82 = r*l + 3*g, 0*g + g - 16 = -l. List the prime factors of l.
17
Suppose 18 = -q - 2. What are the prime factors of (-708)/(-14) - q/(-35)?
2, 5
Suppose -798 = 3*q - 2451. What are the prime factors of q?
19, 29
Suppose 4*v + 5*n = v + 21, 2*v - 9 = -5*n. Suppose -x = -3*x + v. What are the prime factors of 576/(-80)*(-40)/x?
2, 3
Let g be (6 + 0)*7/42. Let d be 2 - g - -2 - -1. Suppose -3*h + d*o + 171 = 0, 68 = 5*h + 3*o - 188. List the prime factors of h.
53
Suppose 2*d = -2*d - 48. What are the prime factors of (1 + -162)*d/42?
2, 23
Let g(i) = 2*i**2 + 3*i - 1. Let b be g(1). Let l(x) = 9*x**2 - x + 5. What are the prime factors of l(b)?
5, 29
Suppose d - 6 = -0*d. Let w be (4/d)/(18/81). Suppose 5*s + w*o - 51 = 3*s, -115 = -5*s - 5*o. What are the prime factors of s?
2, 3
Suppose -4*t